 the greatest common divisor of 102 and 8694.
6
What is the highest common factor of 7847442 and 243?
243
What is the highest common factor of 873 and 2589?
3
Calculate the highest common divisor of 8008 and 868.
28
What is the highest common factor of 55593 and 435?
87
Calculate the highest common factor of 1116 and 1782.
18
What is the highest common divisor of 29 and 112375?
29
Calculate the greatest common divisor of 13 and 25595141.
13
Calculate the greatest common divisor of 15 and 1266875.
5
What is the highest common divisor of 7676 and 6464?
404
Calculate the greatest common divisor of 1506918 and 14.
14
What is the highest common divisor of 1892 and 852?
4
Calculate the highest common factor of 10 and 49430.
10
What is the highest common factor of 60382 and 133?
133
Calculate the highest common factor of 82403 and 19.
19
What is the greatest common divisor of 2276624 and 224?
112
Calculate the greatest common factor of 72451 and 53.
53
Calculate the greatest common factor of 4552 and 83643.
569
Calculate the greatest common factor of 1995 and 17005.
95
What is the highest common factor of 62291 and 1119?
373
What is the highest common divisor of 174 and 49242?
174
Calculate the highest common divisor of 366016 and 56.
56
What is the highest common factor of 14182 and 112?
14
What is the greatest common divisor of 319 and 18937?
29
What is the greatest common divisor of 1660922 and 46?
46
What is the greatest common divisor of 1377 and 125919?
153
Calculate the greatest common factor of 866 and 4183646.
866
What is the highest common divisor of 4394 and 9802?
338
Calculate the highest common factor of 20417 and 34.
17
Calculate the highest common factor of 699 and 601140.
699
What is the highest common factor of 1458920 and 40?
40
Calculate the highest common factor of 898722 and 54.
54
Calculate the highest common factor of 5 and 2337730.
5
Calculate the highest common divisor of 536896 and 128.
64
Calculate the greatest common divisor of 228924 and 1044.
36
Calculate the greatest common factor of 1175 and 23735.
235
What is the highest common factor of 36243 and 42?
3
What is the greatest common divisor of 196 and 19089?
7
Calculate the highest common divisor of 122445 and 5130.
135
Calculate the highest common factor of 835065 and 5040.
315
Calculate the highest common divisor of 180261 and 18.
9
What is the greatest common divisor of 6543 and 77062?
727
What is the highest common factor of 56049 and 126?
21
What is the highest common factor of 21714 and 957?
33
What is the highest common factor of 15617 and 46?
23
What is the greatest common factor of 42 and 366?
6
What is the greatest common divisor of 10402 and 336?
14
Calculate the greatest common factor of 78 and 104078.
26
Calculate the greatest common divisor of 20234 and 2546.
134
Calculate the greatest common divisor of 32928 and 2184.
168
What is the highest common divisor of 42 and 12586?
14
Calculate the highest common factor of 245128 and 52.
52
What is the greatest common divisor of 647808 and 2169?
723
Calculate the highest common divisor of 26149 and 10261.
331
What is the highest common factor of 16 and 7243?
1
Calculate the greatest common divisor of 124410 and 25.
5
What is the greatest common factor of 831 and 14404?
277
What is the highest common divisor of 149527 and 287?
287
Calculate the greatest common factor of 35 and 33305.
5
What is the highest common divisor of 349494 and 186?
186
What is the highest common divisor of 60 and 4460?
20
What is the highest common divisor of 426 and 2589441?
213
Calculate the greatest common factor of 689 and 7526.
53
What is the highest common divisor of 705701 and 185?
37
What is the highest common factor of 100204 and 41?
41
Calculate the greatest common divisor of 2538 and 4120866.
846
What is the highest common divisor of 13668 and 13132?
268
Calculate the greatest common divisor of 9035 and 1040.
65
Calculate the greatest common factor of 1988 and 32116.
28
Calculate the highest common factor of 746 and 1472231.
373
What is the greatest common factor of 71840 and 40?
40
Calculate the highest common divisor of 391597 and 193.
193
Calculate the greatest common factor of 402374 and 574.
574
What is the highest common divisor of 8911 and 1197?
133
What is the highest common factor of 1794490 and 834?
278
Calculate the highest common factor of 114176 and 223.
223
Calculate the greatest common divisor of 3 and 5631.
3
What is the highest common factor of 724284 and 1188?
396
Calculate the highest common factor of 430 and 76282.
86
What is the highest common divisor of 120 and 62100?
60
What is the greatest common factor of 18001 and 1532?
383
Calculate the greatest common factor of 52440 and 475.
95
What is the highest common divisor of 275955 and 75?
15
Calculate the greatest common divisor of 532 and 343.
7
What is the highest common factor of 1190 and 14960?
170
Calculate the greatest common factor of 35212 and 16.
4
Calculate the greatest common factor of 880 and 11088.
176
Calculate the greatest common divisor of 144 and 4380.
12
What is the highest common divisor of 230 and 1370?
10
Calculate the greatest common factor of 166794 and 6.
6
What is the highest common divisor of 4144 and 3178?
14
What is the highest common factor of 97173 and 270?
27
Calculate the greatest common factor of 2004 and 84.
12
Calculate the highest common divisor of 25420 and 28.
4
Calculate the greatest common divisor of 180926 and 244.
122
Calculate the greatest common factor of 189 and 32049.
27
Calculate the highest common divisor of 1518 and 55476.
138
What is the highest common divisor of 876 and 337917?
219
What is the highest common factor of 83856 and 144?
48
Calculate the greatest common divisor of 11382073 and 179.
179
Calculate the greatest common factor of 1096 and 22194.
274
What is the greatest common divisor of 1921 and 2?
1
What is the greatest common factor of 215305 and 66470?
1445
Calculate the highest common factor of 319 and 123685.
29
Calculate the greatest common divisor of 10880 and 85.
85
What is the greatest common divisor of 15 and 4948635?
15
Calculate the highest common factor of 270756 and 15.
3
Calculate the highest common divisor of 3640 and 133.
7
What is the highest common divisor of 2204 and 4?
4
What is the greatest common divisor of 800 and 2320?
80
Calculate the highest common factor of 40073 and 77.
11
Calculate the highest common divisor of 651 and 6603.
93
What is the highest common factor of 1720 and 1060?
20
Calculate the greatest common factor of 434 and 98146.
62
Calculate the highest common factor of 23648 and 608.
32
What is the highest common divisor of 480301 and 969?
323
What is the highest common divisor of 83555 and 85?
85
What is the highest common divisor of 48107 and 4672?
73
What is the greatest common divisor of 6 and 718594?
2
What is the greatest common factor of 100 and 862900?
100
Calculate the greatest common factor of 1619489 and 382.
191
What is the greatest common divisor of 532 and 347662?
266
What is the greatest common factor of 4608 and 232272?
144
What is the greatest common divisor of 56 and 42452?
4
Calculate the highest common factor of 8366 and 190816.
178
Calculate the highest common factor of 3417 and 13719.
51
What is the highest common divisor of 263744 and 176?
16
What is the highest common factor of 6789 and 4557?
93
Calculate the greatest common divisor of 225 and 2176920.
45
What is the highest common factor of 3123811 and 356?
89
Calculate the greatest common divisor of 47086 and 273.
13
What is the highest common divisor of 973 and 521389?
139
Calculate the highest common factor of 2904 and 351.
3
What is the highest common divisor of 9212 and 32148?
188
Calculate the greatest common factor of 31 and 2872.
1
What is the greatest common divisor of 39 and 30563?
13
What is the highest common divisor of 2716 and 588?
28
Calculate the greatest common divisor of 437568 and 8448.
192
Calculate the highest common factor of 1524 and 316484.
508
What is the greatest common factor of 38870 and 21125?
845
What is the greatest common divisor of 45314 and 2502?
278
What is the greatest common divisor of 22350 and 85?
5
Calculate the highest common factor of 1518 and 1